{"id":241,"date":"2018-09-10T18:24:09","date_gmt":"2018-09-10T16:24:09","guid":{"rendered":"https:\/\/aukce.farmes.cz\/?page_id=241"},"modified":"2024-04-17T10:32:59","modified_gmt":"2024-04-17T08:32:59","slug":"kontakt","status":"publish","type":"page","link":"https:\/\/aukce.radonice.cz\/?page_id=241","title":{"rendered":"Kontakt"},"content":{"rendered":"<p>v\u00fdhradn\u00ed prodejce<\/p>\n<hr \/>\n<p>Jan \u010censk\u00fd<br \/>\nU Ml\u00fdna 2323\/27<br \/>\nPraha 4 &#8211; Kr\u010d<br \/>\nI\u010cO: 71583394<\/p>\n<p><strong>Jan \u010censk\u00fd DiS.<\/strong><br \/>\n+420\u00a0603\u00a0922\u00a0205<br \/>\n<a title=\"mailto:jan.censky@seznam.cz\" href=\"mailto:jan.censky@seznam.cz\" data-toggle=\"tooltip\">jan.censky@seznam.cz<\/a><\/p>\n","protected":false},"excerpt":{"rendered":"<p>v\u00fdhradn\u00ed prodejce Jan \u010censk\u00fd U Ml\u00fdna 2323\/27 Praha 4 &#8211; Kr\u010d I\u010cO: 71583394 Jan \u010censk\u00fd DiS. +420\u00a0603\u00a0922\u00a0205 jan.censky@seznam.cz<\/p>\n","protected":false},"author":2,"featured_media":0,"parent":0,"menu_order":0,"comment_status":"closed","ping_status":"closed","template":"","meta":{"footnotes":""},"_links":{"self":[{"href":"https:\/\/aukce.radonice.cz\/index.php?rest_route=\/wp\/v2\/pages\/241"}],"collection":[{"href":"https:\/\/aukce.radonice.cz\/index.php?rest_route=\/wp\/v2\/pages"}],"about":[{"href":"https:\/\/aukce.radonice.cz\/index.php?rest_route=\/wp\/v2\/types\/page"}],"author":[{"embeddable":true,"href":"https:\/\/aukce.radonice.cz\/index.php?rest_route=\/wp\/v2\/users\/2"}],"replies":[{"embeddable":true,"href":"https:\/\/aukce.radonice.cz\/index.php?rest_route=%2Fwp%2Fv2%2Fcomments&post=241"}],"version-history":[{"count":9,"href":"https:\/\/aukce.radonice.cz\/index.php?rest_route=\/wp\/v2\/pages\/241\/revisions"}],"predecessor-version":[{"id":10577,"href":"https:\/\/aukce.radonice.cz\/index.php?rest_route=\/wp\/v2\/pages\/241\/revisions\/10577"}],"wp:attachment":[{"href":"https:\/\/aukce.radonice.cz\/index.php?rest_route=%2Fwp%2Fv2%2Fmedia&parent=241"}],"curies":[{"name":"wp","href":"https:\/\/api.w.org\/{rel}","templated":true}]}}