{"id":247,"date":"2018-09-10T18:27:25","date_gmt":"2018-09-10T16:27:25","guid":{"rendered":"https:\/\/aukce.farmes.cz\/?page_id=247"},"modified":"2018-09-10T18:30:13","modified_gmt":"2018-09-10T16:30:13","slug":"postup-prodeje","status":"publish","type":"page","link":"https:\/\/aukce.radonice.cz\/?page_id=247","title":{"rendered":"Postup prodeje"},"content":{"rendered":"<h2>Po vydra\u017een\u00ed v internetov\u00e9 aukci n\u00e1sleduje:<\/h2>\n<ol>\n<li>Rezerva\u010dn\u00ed smlouva<br \/>\n&#8211; po podpisu se skl\u00e1d\u00e1 rezerva\u010dn\u00ed z\u00e1loha ve v\u00fd\u0161i 100.000 K\u010d. Z\u00e1loha se skl\u00e1d\u00e1 do advok\u00e1tn\u00ed \u00faschovy.<\/li>\n<li>Smlouva o smlouv\u011b budouc\u00ed<br \/>\n&#8211; uzav\u00edr\u00e1 se v p\u0159\u00edpad\u011b pot\u0159eby (nap\u0159\u00edklad z d\u016fvodu hypote\u010dn\u00edho financov\u00e1n\u00ed)<\/li>\n<li>Kupn\u00ed smlouva<br \/>\n&#8211; uzav\u00edr\u00e1 se po doplacen\u00ed cel\u00e9 kupn\u00ed ceny do advok\u00e1tn\u00ed \u00faschovy, nebo po vy\u0159\u00edzen\u00ed hypote\u010dn\u00edho \u00fav\u011bru &#8211; kupn\u00ed smlouvu lze uzav\u0159\u00edt i bez rezerva\u010dn\u00ed a budouc\u00ed smlouvy<\/li>\n<\/ol>\n","protected":false},"excerpt":{"rendered":"<p>Po vydra\u017een\u00ed v internetov\u00e9 aukci n\u00e1sleduje: Rezerva\u010dn\u00ed smlouva &#8211; po podpisu se skl\u00e1d\u00e1 rezerva\u010dn\u00ed z\u00e1loha ve v\u00fd\u0161i 100.000 K\u010d. Z\u00e1loha se skl\u00e1d\u00e1 do advok\u00e1tn\u00ed \u00faschovy. Smlouva o smlouv\u011b budouc\u00ed &#8211; uzav\u00edr\u00e1 se v p\u0159\u00edpad\u011b pot\u0159eby (nap\u0159\u00edklad z d\u016fvodu hypote\u010dn\u00edho financov\u00e1n\u00ed) Kupn\u00ed smlouva &#8211; uzav\u00edr\u00e1 se po doplacen\u00ed cel\u00e9 kupn\u00ed ceny do advok\u00e1tn\u00ed \u00faschovy, nebo po [&hellip;]<\/p>\n","protected":false},"author":2,"featured_media":0,"parent":0,"menu_order":0,"comment_status":"closed","ping_status":"closed","template":"","meta":{"footnotes":""},"_links":{"self":[{"href":"https:\/\/aukce.radonice.cz\/index.php?rest_route=\/wp\/v2\/pages\/247"}],"collection":[{"href":"https:\/\/aukce.radonice.cz\/index.php?rest_route=\/wp\/v2\/pages"}],"about":[{"href":"https:\/\/aukce.radonice.cz\/index.php?rest_route=\/wp\/v2\/types\/page"}],"author":[{"embeddable":true,"href":"https:\/\/aukce.radonice.cz\/index.php?rest_route=\/wp\/v2\/users\/2"}],"replies":[{"embeddable":true,"href":"https:\/\/aukce.radonice.cz\/index.php?rest_route=%2Fwp%2Fv2%2Fcomments&post=247"}],"version-history":[{"count":2,"href":"https:\/\/aukce.radonice.cz\/index.php?rest_route=\/wp\/v2\/pages\/247\/revisions"}],"predecessor-version":[{"id":249,"href":"https:\/\/aukce.radonice.cz\/index.php?rest_route=\/wp\/v2\/pages\/247\/revisions\/249"}],"wp:attachment":[{"href":"https:\/\/aukce.radonice.cz\/index.php?rest_route=%2Fwp%2Fv2%2Fmedia&parent=247"}],"curies":[{"name":"wp","href":"https:\/\/api.w.org\/{rel}","templated":true}]}}